/(-399)?
8
Let l be (28/35)/(1/(-5)). Let r(y) = -y + 1. Let m(o) = -16*o + 18. Let u(x) = l*m(x) + 72*r(x). What is the units digit of u(-3)?
4
What is the units digit of (3 - -3) + -6 - -525?
5
Let o = 12 - 8. Suppose -2*r = o*d - 2*d, 3*d = 2*r + 5. What is the units digit of d?
1
Let g(y) = -64*y - 159. What is the thousands digit of g(-36)?
2
Suppose -2*z = -2*n - 1240, -15*n = -z - 12*n + 620. What is the units digit of z?
0
Let s = -21 + 24. Suppose x + 250 = s*x + 4*f, -5*x + 4*f + 583 = 0. What is the hundreds digit of x?
1
What is the hundreds digit of (8/7 + -1)*7*394?
3
Suppose 4*r = -4*b - 124, -2*b - 4 = 2. Let a = r - -161. What is the tens digit of a?
3
Suppose -s - 184 = -3*i, -i + 0*s = 5*s - 40. Let h = i - -5. What is the tens digit of h?
6
Suppose -21*w - w = -38060. What is the tens digit of w?
3
Suppose 6*v = 4*v. Suppose z = -2*a + 6, v = 2*a + 5*z - 5 - 1. Suppose -a*n + y + 70 = 0, -50 = -5*n + 4*n - 5*y. What is the units digit of n?
5
Let x = 38 + -37. Let z(p) = 44*p**2 - 2. What is the tens digit of z(x)?
4
Suppose -24*o = -13158 + 894. What is the units digit of o?
1
Let w = -115 + 120. Suppose 0 = w*u + u - 528. What is the tens digit of u?
8
Suppose -18 = -3*u + 72. What is the units digit of (u/9)/((-52)/60 - -1)?
5
Let q = -886 + 1348. What is the units digit of q?
2
Suppose -1051 = -y - d, 2*y = -4*d + 8*d + 2120. What is the tens digit of y?
5
Let x(j) = -5*j - 5. Let f(k) be the second derivative of 4*k**3 + 13*k**2 + 12*k. Let b(u) = 4*f(u) + 22*x(u). What is the tens digit of b(-4)?
5
Let m(f) = -f**3 - 11*f**2 - 23*f - 142. What is the units digit of m(-12)?
8
Let j(c) = -15*c. Let v(q) = q - 1. Let b(z) = j(z) + 2*v(z). What is the units digit of b(-1)?
1
Suppose 0*s - s = -5*s. What is the hundreds digit of -1 + 108 + -3 + s?
1
Suppose 0 = 4*n - 0*n - y + 11, n + 5*y = 13. Suppose 3*w - 5*x + 9 = -w, -4*w = 5*x - 41. Let s = w + n. What is the units digit of s?
2
Suppose -5*m - 3*f + 11 - 142 = 0, 2*f + 129 = -5*m. What is the units digit of (-10)/m - (-728)/5?
6
Suppose 3*s + 4 = -5. What is the units digit of 3 - s/(9/213)?
4
Let m(v) = -41*v - 136. What is the tens digit of m(-11)?
1
Suppose -181 = -q + 167. What is the tens digit of q?
4
Let y = 37 - 33. Let p be (y + -7 - 0) + -2. Let f(c) = -6*c + 6. What is the units digit of f(p)?
6
Let g(o) = -112*o + 285. What is the hundreds digit of g(-4)?
7
Suppose 3*d = -j + 1472, -3*d + 5*j + 970 = -d. Suppose d = 39*f - 34*f. Let r = -43 + f. What is the tens digit of r?
5
Let x = -186 - -1018. What is the units digit of x?
2
Let z be 18/30 + (-3)/5. Suppose z = -2*s + 26 + 14. What is the tens digit of s?
2
Let b = 242 + -140. Let t = b - 72. What is the tens digit of (16/(-12))/((-2)/t)?
2
Let n = -48 - -47. Let v(o) = -56*o + 6. What is the tens digit of v(n)?
6
Suppose 36 = -5*d - r + 5*r, -r = 2*d + 4. What is the units digit of 2/(d/(-88) + 0)?
4
Suppose 3*g - 31 = -10. Suppose 6*l = g*l - 32. What is the units digit of l?
2
Let n be -6*((-6)/(-9) - 1). Suppose -8 = -n*v + 38. What is the units digit of v?
3
Let v be 9185/20 - 3/12. Suppose -v + 129 = 3*m. What is the tens digit of ((-2)/5)/(2/m)?
2
Suppose f - 94 = -0*f - 5*s, 0 = -3*f - 4*s + 227. Let q = 141 - f. What is the tens digit of q?
7
Suppose 0 = a + 6*s - 2*s - 158, 2*s - 298 = -2*a. Let d be (-2)/5 + (-27)/(-5). Suppose d*z = 34 + a. What is the units digit of z?
6
Suppose -3*u - 36 = -0*u. Let l be (15 - 0)*100/u. Let f = -79 - l. What is the tens digit of f?
4
Suppose v = 5*h + 4 - 2, 0 = -5*v - 4*h + 10. Suppose 2*s - 288 = -v*c - 2*s, 0 = s - 1. What is the tens digit of c?
4
Let m(w) = -w**2 + 3*w + 6. Let d be m(4). Let z be (-10)/20 - (-1)/d. Suppose z*i - 108 = -3*i. What is the units digit of i?
6
Let i = 131 - -60. What is the units digit of i?
1
Let f = -141 + 144. Suppose -f*q - 306 = 2*u - 992, -15 = 3*u. What is the hundreds digit of q?
2
Suppose -3*y - 2*z = -6614, z + 4421 = 104*y - 102*y. What is the tens digit of y?
0
Let i = -263 - -529. Suppose -9 = -5*c + i. Suppose -7*f - c = -8*f. What is the units digit of f?
5
Let n(s) = 13*s**2 + 3*s - 65. What is the tens digit of n(7)?
9
Suppose 0 + 9 = -3*t. Let p(n) = -8*n**2 + 4. Let k be p(t). Let c = -37 - k. What is the units digit of c?
1
Let s(u) = -4*u - 7. Let b(l) = 2*l + 1 + 5 + 3*l. Let v(o) = -5*b(o) - 6*s(o). What is the units digit of v(10)?
2
Let k be (-8)/12*-2*-153. Let h = 289 + k. What is the units digit of h?
5
Suppose 8*h - 3*h - 25 = 0. Let r(k) = -k**3 + 6*k**2 + 3*k + 7. Let w be r(h). Let a = -22 + w. What is the tens digit of a?
2
Suppose 4*u + 2 = 22. Suppose u = -2*g + 29. What is the units digit of g?
2
Let n be ((-58)/6)/(2/(-144)). Let i = -131 + 91. What is the tens digit of n/15 - (-16)/i?
4
Let p = -332 - -799. What is the hundreds digit of p?
4
Let d(x) = -19*x - 198. What is the units digit of d(-28)?
4
Let s = 1214 + -416. What is the hundreds digit of s?
7
Let s(f) = -7*f + 11. Let j be s(5). Let x be j/9*(-1 + -8). Let l = x - 0. What is the tens digit of l?
2
Suppose o - 5*m - 68 = 0, -3*m + 95 = -5*o + 479. What is the units digit of 20/130 - (-3)/(o/2908)?
2
Let k = -323 - -1554. What is the thousands digit of k?
1
Suppose -9*a + 7*a = -12. What is the units digit of ((-27)/a)/1*-2?
9
Let v be -2*(0 - 13) - 0. Let w be 0 + v/(-4)*-12. Suppose 0*y + 2*y - w = 0. What is the tens digit of y?
3
Suppose i + 32 = -0*i. Let s = i - -88. Suppose t - s = -t. What is the units digit of t?
8
Let u = -133 + 133. Let j = 2 + 1. What is the units digit of -1 + u + (j - -12)?
4
Suppose -1194*m - 1672 = -1202*m. What is the units digit of m?
9
Let g be (-677)/(-9) + (-10)/45. What is the units digit of (g/(-14)*4)/((-2)/14)?
0
Suppose 5*h - 4 = -q, 0*q + 4*q - 5*h = -34. Let k(t) = -16*t - 12. What is the units digit of k(q)?
4
Let y(s) be the third derivative of s**5/60 + 5*s**4/24 - 3*s**3/2 + 8*s**2. Let m be y(9). Suppose 2*u - m = -u. What is the units digit of u?
9
Let p(x) = 4*x**2 + x + 5. Let u be p(-5). Let o = u - 55. What is the tens digit of o?
4
Suppose 4*d + 55 = 387. What is the tens digit of d?
8
Let c(s) = s. Let x(h) = 9*h - 17. Let d(o) = 6*c(o) - x(o). What is the units digit of d(-8)?
1
Suppose -3*v + v + 4 = 0. Suppose -3*x + 0*a + 176 = -a, -a - 118 = -v*x. What is the units digit of x?
8
Let j(s) = -56 - 3*s**3 + 54 - 6*s**2 + 18*s**2 + 2*s**3 - 5*s. What is the units digit of j(11)?
4
Let a(d) = -71*d + 2. Let n be a(1). Let r = -6 - n. What is the tens digit of r?
6
Suppose 15 = c + 4*i, -5*i + 12 = -4*c + 3*c. Suppose -k + 54 = a, -3*k = -a + c*a - 158. What is the units digit of k?
0
Suppose -10*n + 4 = -46. Suppose -87 = -4*h + 4*c - 7, -5*c = n*h - 80. What is the units digit of h?
8
Suppose -2*i = v + 1, 0 = -i + 3*v - 0*v + 17. Suppose -112 + 32 = -i*x. What is the units digit of x?
0
Let n(p) = 8*p + 31. Let f be n(10). Let c = f - 1. What is the tens digit of c?
1
Let j(d) = d**3 + 20*d**2 - 18*d - 55. What is the thousands digit of j(-13)?
1
Let y(w) = 10 - 162*w**3 - 169*w**3 + w**2 + 330*w**3 + 15*w - 3*w**2. What is the units digit of y(-7)?
0
Let v(t) = t**3 - 6*t**2 + 2*t - 12. Let f be v(6). Let h(s) = -5*s + 68. What is the tens digit of h(f)?
6
Let o(z) be the second derivative of 43*z**4/12 - 15*z. What is the units digit of o(1)?
3
Suppose 2*a - 3 = -k + 1, 2*a = 2*k + 4. Suppose -h - 112 = -a*t - 2*h, 5*h + 155 = 3*t. Let j = t - 41. What is the tens digit of j?
1
Suppose -k = 1 - 0. Let o(j) = -47*j - 46*j + 86*j - 47*j. What is the tens digit of o(k)?
5
Let j(c) = c**2 + 5*c - 18. Let p be j(9). Suppose 5*y + 119 = -x, 4*y + 4*x + p = -0*y. Let h = -20 - y. What is the units digit of h?
3
Let g(y) be the third derivative of -y**6/120 + y**5/12 + y**4/8 - 5*y**2. Let m be g(6). Let f = 31 + m. What is the units digit of f?
3
Suppose i + 2138 = 3*u + 620, -3 = i. What is the tens digit of u?
0
Let c = -576 + 1044. Suppose -4*w + 360 = 2*z, 2*z = -5*w + 4*z + c. What is the units digit of w?
2
What is the tens digit of 5/3*3 - -83?
8
What is the tens digit of (-134204)/(-48) - (-3)/36?
9
What is the hundreds digit of (-2461)/(-12) + (-1)/(-72)*-6?
2
Suppose -4*f + 6 = -10. Suppose 93 = h + f*g, -4*h + g + 312 = -3*g. What is the units digit of